{"id":35,"date":"2018-05-06T19:26:19","date_gmt":"2018-05-06T19:26:19","guid":{"rendered":"http:\/\/damos.ch\/music\/?page_id=35"},"modified":"2024-09-23T22:33:33","modified_gmt":"2024-09-23T20:33:33","slug":"presseartikel","status":"publish","type":"page","link":"https:\/\/damos.ch\/music\/presseartikel\/","title":{"rendered":"PRESSEARTIKEL"},"content":{"rendered":"<p>S\u00fcdostschweiz 2022 <a href=\"https:\/\/damos.ch\/music\/wp-content\/uploads\/2022\/07\/Kultur_SO_28.7.22.pdf\">Juli 22<\/a><\/p>\n<p>Liewo Sonntagszeitung <a href=\"https:\/\/damos.ch\/music\/wp-content\/uploads\/2023\/08\/Liewo-2.pdf\">Liewo<\/a><\/p>\n<p>Sarganserl\u00e4nder <a href=\"https:\/\/damos.ch\/music\/wp-content\/uploads\/2022\/06\/Zeitung_Sarganserlaender_juni22.pdf\">Juni 22<\/a><\/p>\n<p>Magazin Best of Graub\u00fcnden <a href=\"https:\/\/jos\u00e9federspiel.net\/de\/wp-content\/uploads\/2021\/09\/Best_of_Graubuenden_2021.pdf\">2021\/2022&nbsp;<\/a><\/p>\n<p>Terra Plana <a href=\"https:\/\/damos.ch\/music\/wp-content\/uploads\/2023\/08\/luzi-plana-terra.pdf\">Luzisteig<\/a><\/p>\n<p>Info Bad Ragaz und Taminatal <a href=\"https:\/\/damos.ch\/music\/wp-content\/uploads\/2021\/03\/Luzisteig_Finissage.pdf\">Buch St. Luzisteig<\/a><\/p>\n<p>Sarganserl\u00e4nder <a href=\"https:\/\/damos.ch\/music\/wp-content\/uploads\/2021\/03\/Buch-St.-Luzisteig_Sarganserlaender.pdf\">Buch St. Luzisteig<\/a><\/p>\n<p>Info Magazin Bad Ragaz \/ Taminatal \u2013 <a href=\"https:\/\/damos.ch\/music\/wp-content\/uploads\/2021\/03\/Sankt_Luzisteig.pdf\">Sankt Luzisteig<\/a><\/p>\n<p>Qultur.ch 2020&nbsp;<a href=\"https:\/\/damos.ch\/music\/wp-content\/uploads\/2020\/02\/Qultur_24_2_2020.pdf\">Stranger in the Mirror<\/a><\/p>\n<p>Cover &#8211; <a href=\"https:\/\/damos.ch\/music\/wp-content\/uploads\/2020\/01\/DaMos_Stranger_Mirror_Cover_Titel77_feiyr-scaled.jpg\">Stranger in the Mirror<\/a><\/p>\n<p>GR Heute 2017 &#8211;&nbsp;<a href=\"https:\/\/damos.ch\/music\/wp-content\/uploads\/2024\/09\/DaMos-8211-Kaosforschig-3-im-Test-\u2013-GRHeute-\u2013-Die-Buendner-Online-Zeitung.pdf\">Kaosfoschig 3<\/a><\/p>\n<p>GR Heute 2017 &#8211;&nbsp;<a href=\"https:\/\/damos.ch\/presse\/GR-Heute_K3.pdf\">Kaosfoschig 3<\/a><\/p>\n<p>S\u00fcdostschweiz am Wochenende &#8211; <a href=\"https:\/\/damos.ch\/presse\/2017-08-26_Suedostschweiz_Graubuenden_Seite_9.pdf\">Kaosfoschig 3<\/a><\/p>\n<p>GR Heute 2016 &#8211; <a href=\"https:\/\/damos.ch\/presse\/GR_Heute_2016_DaMos_Perle_K2.pdf\">Kritik zu Kaosforschig&nbsp;2<\/a><\/p>\n<p>Rhiiblatt 2011 \u2013<a href=\"http:\/\/damos.ch\/presse\/Rhiiblatt-Damos-CD.pdf\">Kritik zur CD \u201cMond und St\u00e4rna\u201d<\/a><\/p>\n<p>Rheinfluss Magazin 2011 \u2013<a href=\"http:\/\/damos.ch\/presse\/Rheinfluss_Damos_2011.pdf\">Kritik zur CD \u201cMond und St\u00e4rna\u201d<\/a><\/p>\n<p>B\u00fcndner Tagblatt 2011 \u2013<a href=\"http:\/\/damos.ch\/presse\/Buendner_Tagblatt_2011.pdf\">F\u00f6rderpreis Kanton Graub\u00fcnden<\/a><\/p>\n<p>S\u00fcdostschweiz 2011 \u2013<a href=\"http:\/\/damos.ch\/presse\/DaMos_So.26.10.2011.pdf\">Kritik zur CD \u201cMond und St\u00e4rna\u201d<\/a><\/p>\n<p>Trespass 2011 \u2013<a href=\"http:\/\/www.damos.ch\/presse\/trespass2011.pdf\">Kritik zur CD \u201cMond und St\u00e4rna\u201d<\/a><\/p>\n<p>S\u00fcdostschweiz 2011 \u2013<a href=\"http:\/\/www.damos.ch\/presse\/SO_Plattentaufe.pdf\">Zur CD Releaseparty \u201cMond und St\u00e4rna\u201d<\/a><\/p>\n<p>Trespass 2011 \u2013<a href=\"http:\/\/www.damos.ch\/presse\/trespass.pdf\">Kritik zum CD Sampler \u201cBock uf Rap\u201d<\/a><\/p>\n<p>Rhiblatt 2010 \u2013 <a href=\"http:\/\/www.damos.ch\/presse\/rhiblatt2.pdf\">Kritik zur Ausstellung in der Sentupada<\/a><\/p>\n<p>Rhiblatt 2010 \u2013<a href=\"http:\/\/www.damos.ch\/presse\/rhiblatt1.pdf\">Zur Ausstellung in der Sentupada Domat\/Ems<\/a><\/p>\n<p>S\u00fcdostschweiz 2010 \u2013<a href=\"http:\/\/www.damos.ch\/presse\/sentupada1.pdf\">Zur Ausstellung in der Sentupada Domat\/Ems<\/a><\/p>\n<p>Rheinfluss Mag 2010 \u2013<a href=\"http:\/\/www.damos.ch\/presse\/RheinflussMagazin_2010.pdf\">Zur CD Bock uf Rock 3, 1 Track beigesteuert<\/a><\/p>\n<p>20 Minuten 2008 \u2013 <a href=\"http:\/\/www.damos.ch\/presse\/20Min_2008_1.pdf\">Zum CD Album \u201cPush the Envelope\u201d<\/a><\/p>\n<p>20 Minuten 2008 \u2013 <a href=\"http:\/\/www.damos.ch\/presse\/20Min_2008.pdf\">Zum Bild von Ueli Murer<\/a><\/p>\n<p>Backspin Magazin Deutschland 2005 \u2013 <a href=\"http:\/\/www.damos.ch\/presse\/BackspinMagazin_2005.pdf\">Zum CD Album \u201cKaosforschig 2\u201d<\/a><\/p>\n<p>Bound Magazin Zrich 2004 \u2013<a href=\"http:\/\/www.damos.ch\/presse\/BoundMagazin_2004.pdf\">Zum CD Album \u201cWas kann scho eina allei!\u201d<\/a><\/p>\n<p>S\u00fcdostschweiz 2003 \u2013 <a href=\"http:\/\/www.damos.ch\/presse\/BuendnerZeitung_2003.pdf\">Zum CD Album \u201cRotwelsch\u201d<\/a><\/p>\n<p>Forecast Magazin 2003 \u2013<a href=\"http:\/\/www.damos.ch\/presse\/ForecastMagazin_2003.pdf\">Zum CD Album \u201cRotwelsch\u201d<\/a><\/p>\n<p>B\u00fcndner Woche2003 \u2013<a href=\"http:\/\/www.damos.ch\/presse\/BuendnerWoche_2003.pdf\">Zum CD Album \u201cRotwelsch\u201d<\/a><\/p>\n<p>B\u00fcndner Woche2002 \u2013<a href=\"http:\/\/www.damos.ch\/presse\/BuendnerWoche_2002.pdf\">Zur Vinyl Ep \u201cSchwarz uf Wiess\u201d<\/a><\/p>\n<p>S\u00fcdostschweiz 1999 \u2013 <a href=\"http:\/\/www.damos.ch\/presse\/Suedostschweiz_1999.pdf\">Zum Graffiti Event am Churerfest<\/a><\/p>\n<p>Tagesanzeiger 1998 \u2013<a href=\"http:\/\/www.damos.ch\/presse\/Tagesanzeiger_1998.pdf\">Zum Graffiti Event Urban Skills<\/a><\/p>\n<p>Schweizer Jugend 1998 \u2013<a href=\"http:\/\/www.damos.ch\/presse\/SchweizerJugend_1998.pdf\">Zum Graffiti Event Urban Skills<\/a><\/p>\n<p>B\u00fcndner Zeitung 1997 \u2013<a href=\"http:\/\/damos.ch\/presse\/BuendnerZeitung_1997.pdf\">Zum 1.Graffiti Preis<\/a><\/p>\n<p>B\u00fcndner Zeitung 1996 \u2013<a href=\"http:\/\/www.damos.ch\/presse\/BuendnerZeitung_1996_1.pdf\">Zum 1.Graffiti Preis der National Versicherung<\/a><\/p>\n<p>B\u00fcndner Zeitung 1996 \u2013<a href=\"http:\/\/www.damos.ch\/presse\/BuendnerZeitung_1996.pdf\">Zum 1.Graffiti Preis der National Versicherung<\/a><\/p>\n<p>B\u00fcndner Tagblatt 1996 \u2013<a href=\"http:\/\/www.damos.ch\/presse\/BuendnerTagblatt_1996.pdf\">Zum 1 Graffiti Preis der National Versicherung<\/a><\/p>\n<p>St. Galler Tagblatt 1995 \u2013<a href=\"http:\/\/www.damos.ch\/presse\/St.GallerZeitung_1995_1.pdf\"> Zum 1.Graffiti Preis der Stadt St. Gallen<\/a><\/p>\n<p>B\u00fcndner Zeitung 1995 \u2013<a href=\"http:\/\/www.damos.ch\/presse\/BuendnerZeitung_1995.pdf\"> Zum 1.Graffiti Preis der Stadt St. Gallen<\/a><\/p>\n<p>St. Galler Tagblatt 1995 \u2013<a href=\"http:\/\/www.damos.ch\/presse\/St.GallerZeitung_1995.pdf\"> Zum 1.Graffiti Preis der Stadt St. Gallen<\/a><\/p>\n<p>Appenzeller Zeitung 1995 \u2013<a href=\"http:\/\/www.damos.ch\/presse\/AppenzellerZeitung_1995.pdf\">Zum 1.Graffiti Preis der Stadt St. Gallen<\/a><\/p>\n<p><b>Radio Interview<\/b><\/p>\n<p>Radio Virus, gerapptes Interview&nbsp;<a href=\"http:\/\/www.damos.ch\/virus_int.mp3\"><b>LINK<\/b><\/a><\/p>\n<p>Radio Kanal K,&nbsp;Interview <strong><a href=\"https:\/\/damos.ch\/music\/wp-content\/uploads\/2020\/04\/ZZR8-A.mp3\">LINK<\/a><\/strong><\/p>\n<p>&nbsp;<\/p>\n","protected":false},"excerpt":{"rendered":"<p class=\"excerpt\">S\u00fcdostschweiz 2022 Juli 22 Liewo Sonntagszeitung Liewo Sarganserl\u00e4nder Juni 22 Magazin Best of Graub\u00fcnden 2021\/2022&nbsp; Terra Plana Luzisteig Info Bad Ragaz und Taminatal Buch St. Luzisteig Sarganserl\u00e4nder Buch St. Luzisteig Info Magazin Bad Ragaz \/ Taminatal \u2013 Sankt Luzisteig Qultur.ch 2020&nbsp;Stranger in the Mirror Cover &#8211; Stranger in the Mirror GR Heute 2017 &#8211;&nbsp;Kaosfoschig 3 GR Heute 2017 &#8211;&nbsp;Kaosfoschig 3&hellip;<\/p>\n<p class=\"more-link-p\"><a class=\"btn btn-default\" href=\"https:\/\/damos.ch\/music\/presseartikel\/\">Read more<\/a><\/p>\n","protected":false},"author":1,"featured_media":0,"parent":0,"menu_order":0,"comment_status":"closed","ping_status":"closed","template":"","meta":{"ngg_post_thumbnail":0,"footnotes":""},"class_list":["post-35","page","type-page","status-publish","hentry"],"_links":{"self":[{"href":"https:\/\/damos.ch\/music\/wp-json\/wp\/v2\/pages\/35","targetHints":{"allow":["GET"]}}],"collection":[{"href":"https:\/\/damos.ch\/music\/wp-json\/wp\/v2\/pages"}],"about":[{"href":"https:\/\/damos.ch\/music\/wp-json\/wp\/v2\/types\/page"}],"author":[{"embeddable":true,"href":"https:\/\/damos.ch\/music\/wp-json\/wp\/v2\/users\/1"}],"replies":[{"embeddable":true,"href":"https:\/\/damos.ch\/music\/wp-json\/wp\/v2\/comments?post=35"}],"version-history":[{"count":26,"href":"https:\/\/damos.ch\/music\/wp-json\/wp\/v2\/pages\/35\/revisions"}],"predecessor-version":[{"id":1212,"href":"https:\/\/damos.ch\/music\/wp-json\/wp\/v2\/pages\/35\/revisions\/1212"}],"wp:attachment":[{"href":"https:\/\/damos.ch\/music\/wp-json\/wp\/v2\/media?parent=35"}],"curies":[{"name":"wp","href":"https:\/\/api.w.org\/{rel}","templated":true}]}}